4 = 4*a. Suppose -258 = -a*i + 132. What is the greatest common factor of 45 and i?
15
Let k be 5/(15/(-6)) - -6. Suppose f + 2*c = -69 + 649, c - k = 0. Calculate the highest common divisor of 52 and f.
52
Let x(v) = 11*v + 1. Let n be x(7). Let r be (-230)/30 - -9 - (-2 - (-604)/(-6)). What is the greatest common divisor of n and r?
26
Suppose -6*m + 3 = -27. Suppose -33 = -w - m. Let n be (-15)/(-12)*(w + -4). What is the highest common factor of 6 and n?
6
Let d be (-102)/17 + 578 + 6 + 0. What is the greatest common factor of 34 and d?
34
Let o(a) = -a**3 - 45*a**2 - 53*a - 82. Let x be o(-45). Suppose -2*l = -6*l - 5*p + 1846, 5*l + 4*p - x = 0. What is the highest common factor of l and 27?
27
Suppose h - 2*t - 587 = 539, -4*h - 2*t + 4554 = 0. What is the highest common divisor of h and 639?
71
Suppose -11*k + 2*k + 441 = -2*k. Calculate the highest common divisor of 840 and k.
21
Suppose -177 = 40*t - 44*t + 7*s, s = -3*t + 139. Calculate the greatest common factor of t and 3289.
23
Let r be 26/78 + (-232)/(-6). Calculate the highest common factor of r and 3133.
13
Suppose -394*v + 28186 = -31308. What is the highest common divisor of v and 28841?
151
Let l(v) = v**3 - 20*v**2 - 9*v - 203. Let c be l(21). Let i be c - 2 - (-10 - -7)*-1. What is the highest common divisor of 616 and i?
44
Suppose -2 = -18*m + 17*m. Let d(s) = -2*s**2 - 23*s + 25. Let p be d(-11). Calculate the greatest common factor of p and m.
2
Let x(m) = 7*m + 28. Let h(b) = 16*b + 58. Let q(l) = 5*h(l) - 11*x(l). Suppose -3 = f - 14. Let g be q(f). Calculate the highest common divisor of g and 60.
15
Suppose -5*b = -k - 539, k + 541 = 5*b + 2*k. Let v = 151 - -390. Let z = -529 + v. What is the highest common divisor of b and z?
12
Let f(r) = r**3 - 12*r**2 + 2*r + 20. Let g be ((-16)/(-6))/((64/(-72))/(-4)). Let q be f(g). Let k = 123 - -185. What is the greatest common factor of q and k?
44
Suppose -19*a - 31*a = -25*a. Let u be ((-1863)/(-2))/9*(2 + a). What is the highest common factor of 69 and u?
69
Suppose -10 = 2*r - 8, q + 319 = 2*r. Let s = 334 + q. What is the highest common factor of s and 533?
13
Let n be (3 - (-51)/(-12))/((-1)/4). Suppose 24 = -2*q + n*q. Suppose -7*a + q*a - 18 = 0. Calculate the highest common divisor of 36 and a.
18
Let b(d) = -d**3 + 8*d**2 - 11*d + 8. Let c be b(7). Let o = 45 + c. Let f(i) = -4*i + 33. Let r be f(7). What is the greatest common divisor of r and o?
5
Suppose -3*v + 347 = -y + 353, 0 = -4*v - 4. Calculate the greatest common divisor of y and 87.
3
Let q be -5 - (-4 - -3) - -345. Let y = q + -301. What is the greatest common factor of 32 and y?
8
Suppose -19 - 29 = 12*s. Let k be ((-20)/30)/(s/312). What is the greatest common factor of 13 and k?
13
Let j be (-9687)/(-12) - (3/(-2) - (-48)/64). Calculate the highest common divisor of 707 and j.
101
Suppose -693 = 337*n - 400*n. What is the highest common factor of 891 and n?
11
Let f(z) = z**3 - 8*z**2 - 12*z - 29. Let i = 185 - 175. Let x be f(i). What is the highest common factor of 867 and x?
51
Suppose -23404 = -2*x + 2*j, 5*x - 9*j - 45667 = 12839. Calculate the greatest common divisor of 282 and x.
141
Let a = 0 + 8. Let y(o) = 6*o + 63. Let n be y(-10). Suppose 0*q - 6 = -n*q. What is the highest common factor of a and q?
2
Suppose -1226 - 630 = -32*o. Calculate the greatest common factor of 551 and o.
29
Suppose -3*y + 21 = -2*o, -5*y + 35 = 145*o - 141*o. Suppose 1 = 4*v - 3. Calculate the greatest common factor of v and y.
1
Let n(z) = -9*z**3 + 10*z**2 + 6*z + 7. Let k be n(4). Let d be (8/(-10))/(-5 + (-1918)/k). Calculate the highest common factor of d and 176.
44
Suppose -3*o - 2*c = -11254, -5*c - 13179 - 1811 = -4*o. Calculate the highest common factor of o and 50.
50
Let z = 60 - 108. Let i = -27 + z. Let u be (-10)/(-25) + 5/(i/(-504)). What is the greatest common divisor of u and 85?
17
Suppose 4*o - g = 6725 + 2439, -4*g = -o + 2291. What is the greatest common factor of o and 158?
79
Let y(q) = 3*q**2 - 3*q + 2. Let a be y(3). Let d be (a/(-6))/(2/(-45)). Let z be -15*2/(-12)*6. What is the highest common factor of d and z?
15
Let c(j) = 15 - 6 + 21 + 9*j. Let p be c(-3). Let r(q) = -4*q + 13. Let i be r(p). Calculate the greatest common divisor of i and 5.
1
Let p be -5 + -2 - -11 - 7. Let r be 8 + (-40)/(3/p). What is the highest common divisor of r and 96?
48
Let g = 167 + -20. What is the greatest common divisor of 3577 and g?
49
Let w = 16432 - 15312. Calculate the highest common divisor of w and 200.
40
Let a(w) = w**3 + 2*w**2 - 4*w - 8. Let n be a(4). Suppose -207 + n = -3*m. Let y be ((m + 3)/(-2))/(-2). Calculate the greatest common divisor of 20 and y.
4
Let l(s) = s + 10. Let h be l(-7). Let w be (90/1)/((-44)/15 + h). Suppose -13*f = -23*f + w. Calculate the greatest common factor of f and 27.
27
Let q be (-1)/3*(3 + -83 - -11). Suppose -q*g + 262 - 55 = 0. Let f = 37 - -26. What is the greatest common factor of f and g?
9
Suppose 2*g + 5*i - 2272 = 210, 4*i = 4*g - 5020. What is the greatest common divisor of 2224 and g?
139
Let d be (3*4/(-6) + 702)/((-124)/(-124)). What is the highest common factor of 23450 and d?
350
Let p(w) = 64*w - 1972. Let a be p(31). Calculate the highest common factor of 606 and a.
6
Suppose s + 3*s = 0, a + 3*s + 35 = 6*a. Calculate the highest common divisor of 2779 and a.
7
Let p = 184 - 109. Let w(m) = 770*m + 1585. Let l be w(-2). What is the highest common factor of l and p?
15
Let w = 7574 - 7566. What is the greatest common divisor of 6 and w?
2
Let v(g) = 92*g - 303. Let y be v(4). Calculate the highest common factor of 130 and y.
65
Let c be (12/20)/(1/135). Suppose -c + 783 = 3*k + 3*m, 5*m - 939 = -4*k. What is the highest common factor of k and 33?
33
Let a(h) = h**2 + 15*h - 799. Let g be a(23). What is the highest common factor of g and 15?
15
Let i be (2/12)/(37/666). Let l = 474 - 273. Calculate the greatest common factor of l and i.
3
Let f be 1/(((2/35)/(4/15))/42). Calculate the highest common factor of 1106 and f.
14
Let i(d) = 43*d**2 - 17*d - 30. Let x be i(-2). Calculate the highest common factor of x and 110.
22
Let z be (1/(-3))/((-138)/135 - -1). Suppose 2*k + 29 = 5*u - 70, 5*u + 3*k - 114 = 0. What is the greatest common divisor of z and u?
3
Suppose -2 = w - 0*j - j, -4*w + 6 = 3*j. Suppose -24*z + 26*z - 90 = w. Suppose -35 = -14*o + 7*o. What is the highest common divisor of z and o?
5
Suppose 7*z - 3*z + 106 = 330. Calculate the highest common divisor of 128 and z.
8
Let w = -12 + 23. Suppose -34 = 13*u - w*u. Let v = u + 57. What is the highest common factor of v and 60?
20
Suppose -m - 4*v + 975 = 0, 40*v = m + 41*v - 975. What is the highest common divisor of 100 and m?
25
Let m = 236 - 243. Let i be -4 - m - (5 - 81/3). Calculate the greatest common factor of i and 275.
25
Let b(i) = -i**2 + 68*i - 850. Let h be b(20). Calculate the greatest common divisor of 814 and h.
22
Let n = 1120 - 733. What is the greatest common divisor of n and 172?
43
Suppose 2*g - 8 = 0, -4*w + 7*w + 5*g = 206. What is the greatest common factor of 3286 and w?
62
Let v = -617 + 619. Suppose -5*l + v*p + 4140 = 0, -p + 941 - 2597 = -2*l. What is the highest common divisor of l and 36?
36
Let j be 132260/153 + (-4)/9. Suppose -j = 55*r - 61*r. Calculate the greatest common factor of r and 4.
4
Suppose -338*s + 408*s = 1470. Suppose 0 = -j - 4*j + 315. Calculate the greatest common factor of j and s.
21
Let l(s) = -s**3 - 8*s**2 + 7*s - 8. Let d be l(-9). Suppose 164 - 1869 = -11*c. Let k = -45 + c. Calculate the highest common divisor of d and k.
10
Suppose -7 = -3*s + 5*d + 8, -s - 4*d - 12 = 0. Let m be 1 + s - (-352)/11. Suppose -8*t = -4*t - 1056. What is the highest common factor of m and t?
33
Suppose 5*d = -4*j + 1334, 2*j - 16*d - 670 = -17*d. Suppose 84 = 7*f - j. What is the greatest common divisor of f and 105?
15
Suppose -5*i = -5*q - 545, -2*q - 1 = 9. Let w(a) = -41*a**3 + 46*a**2 + 43*a - 4. Let p be w(-1). What is the highest common divisor of i and p?
8
Suppose 5*l - 1064 = l - 4*z, 5*l - 1312 = -2*z. What is the highest common divisor of l and 52?
52
Suppose -255*h = -380*h + 112125. Calculate the highest common divisor of 1932 and h.
69
Let t(j) = -93*j + 1553. Let c 